{"id":4560,"date":"2023-10-08T11:28:54","date_gmt":"2023-10-08T10:28:54","guid":{"rendered":"http:\/\/www.torte-spela.si\/?page_id=4560"},"modified":"2023-10-08T11:28:54","modified_gmt":"2023-10-08T10:28:54","slug":"politika-varnosti-in-zasebnosti","status":"publish","type":"page","link":"http:\/\/www.torte-spela.si\/index.php\/politika-varnosti-in-zasebnosti\/","title":{"rendered":"Politika varnosti in zasebnosti"},"content":{"rendered":"<p>Ta politika varnosti in zasebnosti opisuje kako sweetart.si ali torte-spela.si (to &#8220;spletno mesto&#8221; ali &#8220;mi&#8221;) zbira, uporablja in posreduje va\u0161e osebne podatke, kadar spletno mesto obi\u0161\u010dete ali opravite nakup.<\/p>\n<p><strong>Zbiranje\u00a0osebnih\u00a0podatkov<\/strong><\/p>\n<p>Ko obi\u0161\u010dete spletno mesto, zbiramo nekatere informacije o va\u0161i napravi, va\u0161i dejavnosti na spletnem mestu in informacije potrebne za obdelavo va\u0161ega nakupa. Lahko zberemo tudi dodatne informacije, kadar nas neposredno kontaktirate (preko telefona ali e-po\u0161te ali spletnega obrazca) z namenom nudenja podpore in pomo\u010di ali bele\u017eenja va\u0161ega naro\u010dila. V tej politiki varnosti in zasebnosti kot &#8220;osebni podatki&#8221;\u00a0ozna\u010dujemo vse informacije, ki lahko enoli\u010dno identificirajo posameznika (vklju\u010dno s spodnjimi podatki). Preverite spodnji seznam za ve\u010d informacij o tem katere osebne podatke zbiramo in zakaj.<\/p>\n<p><u>Podatki o napravi<\/u><\/p>\n<ul>\n<li><strong>Primeri podatkov, ki jih zbiramo:<\/strong>\u00a0verzija spletnega brskalnika, IP naslov, \u010dasovni pas, informacije o pi\u0161kotkih, katere (pod)strani in izdelke si ogledate, iskalni kriteriji in va\u0161a dejavnost na spletnem mestu.<\/li>\n<li><strong>Namen zbiranja:<\/strong>\u00a0pravilen prikaz spletnega mesta za vas, analitika uporabe spletnega mesta z namenom optimizacije spletnega mesta.<\/li>\n<li><strong>Kje in kako zbiramo podatke:<\/strong>\u00a0Avtomati\u010dno, ko obi\u0161\u010dete na\u0161e spletno mesto preko\u00a0pi\u0161kotkov, dnevni\u0161kih datotek, spletnih kod, oznak ali\u00a0pixlov.<\/li>\n<li><strong>Posredovanje za posloven namen:<\/strong>\u00a0posredovano obdelovalcu\u00a0Shopify za spletno trgovino, Thinkific\u00a0za video te\u010daje in Mailchimp za obve\u0161\u010danje po e-po\u0161ti.<\/li>\n<\/ul>\n<p><u>Podatki o naro\u010dilu<\/u><\/p>\n<ul>\n<li><strong>Primeri podatkov, ki jih zbiramo:<\/strong>\u00a0ime, priimek, naslov za pla\u010dilo, naslov za dostavo,\u00a0podatki o pla\u010dilu\u00a0(vklju\u010dno s \u0161tevilko kreditne kartice), naslov e-po\u0161te in telefonska \u0161tevilka.<\/li>\n<li><strong>Namen zbiranja:<\/strong>\u00a0za zagotavljanje izdelkov ali storitev v skladu z va\u0161im naro\u010dilom, obdelavo pla\u010dil, organizacijo dostave, izstavljanje ponudb in ra\u010dunov, komunikacijo z vami,\u00a0nadzor naro\u010dil z namenom prepre\u010devanja zlorab in po\u0161iljanje novic in oglasov v zvezi z na\u0161imi izdelki in storitvami v skladu z va\u0161imi nastavitvami.<\/li>\n<li><strong>Kje in kako zbiramo podatke:<\/strong>\u00a0podatke nam posredujete vi sami na tem spletnem mestu ali preko e-po\u0161te ali preko telefona.<\/li>\n<li><strong>Posredovanje za posloven namen:<\/strong>\u00a0posredovano obdelovalcu\u00a0Shopify za spletno trgovino, Thinkific\u00a0za video te\u010daje in Mailchimp za obve\u0161\u010danje po epo\u0161ti.<\/li>\n<\/ul>\n<p><u>Podpora strankam<\/u><\/p>\n<ul>\n<li><strong>Primeri podatkov, ki jih zbiramo:<\/strong>\u00a0Podatki, ki nam jih posredujete sami, kadar nam pi\u0161ete ali nas pokli\u010dete. Na primer datum rojstnega dne ali drugega dogodka (obletnica, poroka, praznovanje in podobno) za katerega potrebujete na\u0161e izdelke ali storitve.<em>\u00a0<\/em><\/li>\n<li><strong>Namen zbiranja:<\/strong>\u00a0zagotavljanje podpore strankam in izvedba naro\u010dila.<\/li>\n<li><strong>Kje in kako zbiramo podatke:<\/strong>\u00a0podatke nam posredujete vi sami na tem spletnem mestu ali preko e-po\u0161te ali preko telefona.<\/li>\n<li><strong>Posredovanje za posloven namen:\u00a0<\/strong>za namen podpore strankam nikomur ne posredujemo podatkov.<\/li>\n<\/ul>\n<p>Za namen izvedbe va\u0161ega naro\u010dila shranjujemo tudi druge podatke, katere nam posredujete sami, npr. starost slavljenca, priljubljeni osebni interesi ali hobiji in podobno. To so podatki, ki neposredno vplivajo na izvedbo naro\u010dila, npr. priljubljeno barvo torte, prikaz hobijev na torti, prikaz starosti slavljenca na torti in podobno.\u00a0<strong>Teh podatkov ne posredujemo nobenemu partnerju.<\/strong><\/p>\n<p><strong>Mladoletne osebe<\/strong><\/p>\n<p>To spletno mesto ni neprimerno za mladoletne osebe, a funkcionalnosti opravljanja naro\u010dil in nakupov\u00a0so namenjene polnoletnim osebam. Nimamo namena zbirati osebnih podatkov otrok. \u010ce ste star\u0161 ali skrbnik in mislite, da nam je va\u0161 otrok posredoval svoje osebne podatke, nas kontaktirajte z namenom izbrisa osebnih podatkov.<\/p>\n<p><strong>Posredovanje osebnih podatkov<\/strong><\/p>\n<p>Va\u0161e osebne podatke delimo s ponudniki storitev, ki nam omogo\u010dajo nudenje izdelkov in storitev v skladu z va\u0161imi naro\u010dili, kot je opisano zgoraj. Na primer:<\/p>\n<ul>\n<li>Za spletno trgovino uporabljamo\u00a0Shopify. Tukaj lahko preberete kako Shopify uporablja va\u0161e osebne podatke:\u00a0<a href=\"https:\/\/www.shopify.com\/legal\/privacy\">https:\/\/www.shopify.com\/legal\/privacy<\/a>.<\/li>\n<li>Za izobra\u017eevalno platformo za izvedbo te\u010dajev uporabljamo Thinkific. Tukaj lahko preberete kako Thinkific uporablja va\u0161e osebne podatke:\u00a0<a href=\"https:\/\/www.thinkific.com\/legal\/\">https:\/\/www.thinkific.com\/legal\/<\/a>.<\/li>\n<li>Va\u0161e osebne podatke lahko delimo tudi z uradnimi organi ali institucijami v Republiki Sloveniji, v skladu z veljavno zakonodajo in na zahtevo uradnih organov.<\/li>\n<\/ul>\n<p><strong>Vedenjsko ogla\u0161evanje<\/strong><\/p>\n<p>Kakor je zgoraj opisano, uporabljamo va\u0161e osebne podatke z namenom zagotavljanja usmerjenega ogla\u0161evanja in marketin\u0161kih kampanij tako, da se bolj skladajo z va\u0161imi interesi. Na primer:<\/p>\n<ul>\n<li>Uporabljamo\u00a0Google Analytics za bolj\u0161e razumevanje kako uporabniki uporabljajo na\u0161e spletno mesto. Ve\u010d o tem, kako Google uporablja va\u0161e osebne podatke si lahko preberete tukaj:\u00a0<a href=\"https:\/\/policies.google.com\/privacy?hl=en\">https:\/\/policies.google.com\/privacy?hl=en<\/a>. Tukaj se lahko odjavite iz storitve Google Analytics:\u00a0<a href=\"https:\/\/tools.google.com\/dlpage\/gaoptout\">https:\/\/tools.google.com\/dlpage\/gaoptout<\/a>.<\/li>\n<li>Podatke o tem, kako uporabljate na\u0161e spletno mesto, o va\u0161ih nakupih in dejavnostih z na\u0161imi oglasi na drugih spletnih straneh delimo z ogla\u0161evalskimi partnerji &#8211; v tem primeru Facebook. Podatke pridobimo in delimo s pomo\u010djo pi\u0161kotkov in Facebook pixla.<\/li>\n<\/ul>\n<p>Ve\u010d o tem kako deluje usmerjeno ogla\u0161evanje lahko preberete v tem \u010dlanku: Network Advertising Initiative\u2019s (\u201cNAI\u201d) educational page at\u00a0<a href=\"http:\/\/www.networkadvertising.org\/understanding-online-advertising\/how-does-it-work\">http:\/\/www.networkadvertising.org\/understanding-online-advertising\/how-does-it-work<\/a>.<\/p>\n<p>Usmerjeno ogla\u0161evanje lahko izlju\u010dite tukaj:<\/p>\n<ul>\n<li><em>FACEBOOK &#8211;\u00a0<\/em><a href=\"https:\/\/www.facebook.com\/settings\/?tab=ads\">https:\/\/www.facebook.com\/settings\/?tab=ads<\/a><\/li>\n<li><em>GOOGLE &#8211;\u00a0<\/em><a href=\"https:\/\/www.google.com\/settings\/ads\/anonymous\">https:\/\/www.google.com\/settings\/ads\/anonymous<\/a><\/li>\n<\/ul>\n<p>Dodatno, od nekaterih storitev usmerjenega ogla\u0161evanja se lahko odjavite tukaj:\u00a0Digital Advertising Alliance\u2019s opt-out portal at:\u00a0<a href=\"http:\/\/optout.aboutads.info\/\">http:\/\/optout.aboutads.info\/<\/a>.<\/p>\n<p><strong>Uporaba osebnih podatkov<\/strong><\/p>\n<p>Va\u0161e osebne podatke uporabljamo z namenom zagotavljanja storitev in dobave izdelkov, kar vklju\u010duje: ponudba izdelkov za prodajo, izvedba pla\u010dil, dostava, izvedba va\u0161ega naro\u010dila in informiranje o novih izdelkih, storitvah in ponudbah.<\/p>\n<p>Pravna podlaga<\/p>\n<p>V skladu z General Data Protection Regulation (\u201cGDPR\u201d),\u00a0\u010de prebivate v\u00a0\u00a0Evropskem\u00a0Gospodarskem\u00a0Prostoru (\u201cEGP\u201d), obdelujemo va\u0161e osebne podatke na podlagi naslednjih zakonitih podlag:<\/p>\n<ul>\n<li>Va\u0161a privolitev;<\/li>\n<li>Izvedba naro\u010dila oziroma pogodbe med vami in spletnim mestom;<\/li>\n<li>Upo\u0161tevanje na\u0161ih zakonskih obveznosti;<\/li>\n<li>Varovanje va\u0161ih osebnih interesov;<\/li>\n<li>Izvajanje nalog, ki se izvajajo v javnem interesu;<\/li>\n<li>Za na\u0161e zakonite interese, ki ne prevladajo nad va\u0161imi temeljnimi pravicami in svobo\u0161\u010dinami.<\/li>\n<\/ul>\n<p><strong>Hramba podatkov<\/strong><\/p>\n<p>Ko oddate naro\u010dilo na na\u0161em spletnem mestu, hranimo va\u0161e osebne podatke v na\u0161i evidenci, razen \u010de zahtevate izbris teh podatkov. Za ve\u010d informacij o va\u0161ih pravica za izbris, preverite sekcijo &#8220;Va\u0161e pravice&#8221;.<\/p>\n<p><strong>Samodejno odlo\u010danje<\/strong><\/p>\n<p>\u010ce ste rezident EGP, imate pravico ugovarjati obdelavi, ki temelji izklju\u010dno na avtomatiziranem odlo\u010danju (ki vklju\u010duje profiliranje), kadar ima to odlo\u010danje pravni u\u010dinek na vas ali druga\u010de pomembno vpliva na vas.<\/p>\n<p>Ne sodelujemo v popolnoma avtomatiziranem odlo\u010danju, ki ima pravni ali druga\u010den pomemben u\u010dinek z uporabo podatkov o strankah.<\/p>\n<p>Na\u0161 obdelovalec podatkov Shopify uporablja omejeno avtomatizirano odlo\u010danje za prepre\u010devanje goljufij, ki nimajo pravnega ali druga\u010dnega pomembnega vpliva na vas.<\/p>\n<p>Storitve, ki vklju\u010dujejo elemente avtomatiziranega odlo\u010danja, vklju\u010dujejo:<\/p>\n<ul>\n<li>Za\u010dasni seznam naslovov IP, povezanih s ponavljajo\u010dimi se neuspe\u0161nimi transakcijami. Ta seznam obstaja\u00a0nekaj ur.<\/li>\n<li>Za\u010dasni seznam kreditnih kartic, povezanih z navedenimi naslovi IP. Ta seznam\u00a0obstaja nekaj dni.<\/li>\n<\/ul>\n<p><strong>Va\u0161e pravice<\/strong><\/p>\n<p><strong>GDPR<\/strong><\/p>\n<p>\u010ce ste rezident EGP, imate pravico dostopati do osebnih podatkov, ki jih hranimo o vas, jih prenesti na novo storitev in zahtevati, da se va\u0161i osebni podatki popravijo, posodobijo ali izbri\u0161ejo. \u010ce \u017eelite uveljaviti te pravice, nas kontaktirajte preko spodnjih kontaktnih podatkov<em>.<\/em><\/p>\n<p>Va\u0161i osebni podatki bodo prvotno obdelani na Irskem, nato pa preneseni izven Evrope za shranjevanje in nadaljnjo obdelavo, vklju\u010dno s Kanado in ZDA. Za ve\u010d informacij o tem, kako so prenosi podatkov skladni z GDPR, glejte Shopify&#8217;s GDPR Whitepaper:\u00a0<a href=\"https:\/\/help.shopify.com\/en\/manual\/your-account\/privacy\/GDPR\">https:\/\/help.shopify.com\/en\/manual\/your-account\/privacy\/GDPR<\/a>.<\/p>\n<p><strong>Pi\u0161kotki<\/strong><\/p>\n<p>Pi\u0161kotek je majhna koli\u010dina informacij, ki se prenesejo v va\u0161 ra\u010dunalnik ali napravo, ko obi\u0161\u010dete na\u0161e spletno mesto. Uporabljamo \u0161tevilne razli\u010dne pi\u0161kotke, vklju\u010dno s funkcionalnimi, izvedbenimi, ogla\u0161evalskimi in pi\u0161kotki v dru\u017eabnih omre\u017ejih ali pi\u0161kotke z vsebino. Pi\u0161kotki izbolj\u0161ajo va\u0161o izku\u0161njo brskanja, saj spletnemu mestu omogo\u010dajo, da si zapomni va\u0161a dejanja in nastavitve (na primer prijavo in izbiro naslova). To pomeni, da vam teh podatkov ni treba znova vna\u0161ati vsaki\u010d, ko se vrnete na spletno mesto ali brskate z ene strani na drugo. Pi\u0161kotki ponujajo tudi informacije o tem, kako ljudje uporabljajo spletno mesto, na primer ali prvi\u010d obi\u0161\u010dejo ali so pogosti obiskovalec.<\/p>\n<p>Za optimizacijo va\u0161e izku\u0161nje na na\u0161em spletnem mestu in za zagotavljanje na\u0161ih storitev uporabljamo naslednje pi\u0161kotke.<\/p>\n<p><strong>Pi\u0161kotki, ki so potrebni za delovanje trgovine<\/strong><\/p>\n<table width=\"562\">\n<thead>\n<tr>\n<td><strong>Naziv<\/strong><\/td>\n<td><strong>Funkcija<\/strong><\/td>\n<\/tr>\n<\/thead>\n<tbody>\n<tr>\n<td><em>_ab<\/em><\/td>\n<td>Uporablja se v povezavi z dostopom do skrbnika.<\/td>\n<\/tr>\n<tr>\n<td><em>_secure_session_id<\/em><\/td>\n<td>Uporablja se v povezavi z\u00a0navigacijo skozi trgovino.<\/td>\n<\/tr>\n<tr>\n<td><em>cart<\/em><\/td>\n<td>Uporablja se v povezavi z nakupovalno ko\u0161arico.<\/td>\n<\/tr>\n<tr>\n<td><em>cart_sig<\/em><\/td>\n<td>Uporablja se v povezavi z nakupom.<\/td>\n<\/tr>\n<tr>\n<td><em>cart_ts<\/em><\/td>\n<td>Uporablja se v povezavi z nakupom.<\/td>\n<\/tr>\n<tr>\n<td><em>checkout_token<\/em><\/td>\n<td>Uporablja se v povezavi z nakupom.<\/td>\n<\/tr>\n<tr>\n<td><em>secret<\/em><\/td>\n<td>Uporablja se v povezavi z nakupom.<\/td>\n<\/tr>\n<tr>\n<td><em>secure_customer_sig<\/em><\/td>\n<td>Uporablja se v povezavi s\u00a0prijavo stranke.<\/td>\n<\/tr>\n<tr>\n<td><em>storefront_digest<\/em><\/td>\n<td>Uporablja se v povezavi\u00a0s\u00a0prijavo stranke.<\/td>\n<\/tr>\n<tr>\n<td><em>_shopify_u<\/em><\/td>\n<td>Uporablja se za posodobitev podatkov o ra\u010dunu stranke.<\/td>\n<\/tr>\n<\/tbody>\n<\/table>\n<p><strong><br \/>\nPoro\u010dila in analiza<\/strong><\/p>\n<table width=\"562\">\n<tbody>\n<tr>\n<td><strong>Naziv<\/strong><\/td>\n<td><strong>Funkcija<\/strong><\/td>\n<\/tr>\n<tr>\n<td><em>_tracking_consent<\/em><\/td>\n<td>Nastavitve sledenja.<\/td>\n<\/tr>\n<tr>\n<td><em>_landing_page<\/em><\/td>\n<td>Sledenje ciljnih strani.<\/td>\n<\/tr>\n<tr>\n<td><em>_orig_referrer<\/em><\/td>\n<td>Sledenje ciljnih strani.<\/td>\n<\/tr>\n<tr>\n<td><em>_s<\/em><\/td>\n<td>Shopify analitika.<\/td>\n<\/tr>\n<tr>\n<td><em>_shopify_fs<\/em><\/td>\n<td>Shopify\u00a0analitika.<\/td>\n<\/tr>\n<tr>\n<td><em>_shopify_s<\/em><\/td>\n<td>Shopify\u00a0analitika.<\/td>\n<\/tr>\n<tr>\n<td><em>_shopify_sa_p<\/em><\/td>\n<td>Shopify\u00a0analitika\u00a0v zvezi z ogla\u0161evanjem.<\/td>\n<\/tr>\n<tr>\n<td><em>_shopify_sa_t<\/em><\/td>\n<td>Shopify\u00a0analitika v zvezi z ogla\u0161evanjem.<\/td>\n<\/tr>\n<tr>\n<td><em>_shopify_y<\/em><\/td>\n<td>Shopify\u00a0analitika.<\/td>\n<\/tr>\n<tr>\n<td><em>_y<\/em><\/td>\n<td>Shopify\u00a0analitika.<\/td>\n<\/tr>\n<\/tbody>\n<\/table>\n<p>&nbsp;<\/p>\n<p>\u010cas, ko pi\u0161kotek ostane v va\u0161em ra\u010dunalniku ali mobilni napravi, je odvisen od tega, ali gre za &#8220;trajni&#8221; ali &#8220;sejni&#8221; pi\u0161kotek. Sejni pi\u0161kotki trajajo, dokler ne ustavite brskanja, trajni pi\u0161kotki pa trajajo, dokler ne pote\u010dejo ali se izbri\u0161ejo. Ve\u010dina pi\u0161kotkov, ki jih uporabljamo, je trajnih in pote\u010de med 30 minutami in dvema letoma od datuma, ko so nalo\u017eeni v va\u0161o napravo.<\/p>\n<p>Pi\u0161kotke lahko nadzirate in upravljate na razli\u010dne na\u010dine. Upo\u0161tevajte, da lahko odstranjevanje ali blokiranje pi\u0161kotkov negativno vpliva na va\u0161o uporabni\u0161ko izku\u0161njo in deli na\u0161ega spletnega mesta morda ne bodo ve\u010d v celoti dostopni.<\/p>\n<p>Ve\u010dina brskalnikov samodejno sprejme pi\u0161kotke, vendar lahko sami dolo\u010dite, ali boste pi\u0161kotke sprejeli prek nastavitev brskalnika, ki jih pogosto najdete v meniju \u00bbOrodja\u00ab ali \u00bbNastavitve\u00ab. Za ve\u010d informacij o spreminjanju nastavitev brskalnika ali blokiranju, upravljanju ali filtriranju pi\u0161kotkov lahko najdete v datoteki za pomo\u010d brskalnika ali na spletnih mestih, kot so\u00a0<a href=\"https:\/\/sweetart-si.myshopify.com\/admin\/settings\/www.allaboutcookies.org\">www.allaboutcookies.org<\/a>.<\/p>\n<p>Poleg tega upo\u0161tevajte, da blokiranje pi\u0161kotkov morda ne bo popolnoma prepre\u010dilo, kako delimo podatke s tretjimi osebami, kot so na\u0161i ogla\u0161evalski partnerji. \u010ce \u017eelite uveljaviti svoje pravice ali zavrniti dolo\u010deno uporabo va\u0161ih podatkov s strani teh strank, sledite navodilom v zgornjem razdelku \u00bbVedenjsko ogla\u0161evanje\u00ab.<\/p>\n<p><strong>Ne sledi<\/strong><\/p>\n<p>Upo\u0161tevajte: ker v panogi ni doslednega razumevanja, kako se odzvati na odzive \u00bbNe sledi\u00ab, ne bomo spreminjali postopkov zbiranja in uporabe podatkov, ko zaznamo tak odziv iz va\u0161ega brskalnika.<\/p>\n<p><strong>Spremembe<\/strong><\/p>\n<p>Ta pravilnik o zasebnosti lahko ob\u010dasno posodobimo, da na primer odra\u017ea spremembe na\u0161e prakse ali iz drugih operativnih, pravnih ali regulativnih razlogov.<\/p>\n<p><strong>Kontakt<\/strong><\/p>\n<p>Za ve\u010d informacij o na\u0161ih praksah varovanja zasebnosti, \u010de imate vpra\u0161anja ali \u010de \u017eelite vlo\u017eiti prito\u017ebo, nas kontaktirajte po e-po\u0161ti na info@torte-spela.si ali po po\u0161ti, tako da uporabite spodnje podatke:<\/p>\n<p>Torte \u0160pela, \u0160pela Peternelj s.p., Kri\u0161ka ulica 33, 4000 Kranj, Slovenia , Slovenia<\/p>\n<p>Nazadnje posodobljeno:\u00a03. 12.<em>\u00a0<\/em>2020<\/p>\n<p>\u010ce niste zadovoljni z na\u0161im odgovorom na va\u0161o prito\u017ebo, imate pravico vlo\u017eiti prito\u017ebo pri ustreznem organu za varstvo podatkov. Informacijski poobla\u0161\u010denec RS:\u00a0<a href=\"https:\/\/www.ip-rs.si\/\">https:\/\/www.ip-rs.si<\/a><\/p>\n<p>&nbsp;<\/p>\n","protected":false},"excerpt":{"rendered":"<p>Ta politika varnosti in zasebnosti opisuje kako sweetart.si ali torte-spela.si (to &#8220;spletno mesto&#8221; ali &#8220;mi&#8221;) zbira, uporablja in posreduje va\u0161e osebne podatke, kadar spletno mesto obi\u0161\u010dete ali opravite nakup. Zbiranje\u00a0osebnih\u00a0podatkov Ko obi\u0161\u010dete spletno mesto, zbiramo nekatere informacije o va\u0161i napravi, va\u0161i dejavnosti na spletnem mestu in informacije potrebne za obdelavo va\u0161ega nakupa. Lahko zberemo tudi dodatne informacije, kadar nas neposredno kontaktirate (preko telefona ali e-po\u0161te ali spletnega obrazca) z namenom nudenja podpore in pomo\u010di ali bele\u017eenja va\u0161ega naro\u010dila. V tej politiki varnosti in zasebnosti kot [&hellip;]<\/p>\n","protected":false},"author":1,"featured_media":0,"parent":0,"menu_order":0,"comment_status":"closed","ping_status":"closed","template":"","meta":{"footnotes":""},"class_list":["post-4560","page","type-page","status-publish","hentry"],"_links":{"self":[{"href":"http:\/\/www.torte-spela.si\/index.php\/wp-json\/wp\/v2\/pages\/4560","targetHints":{"allow":["GET"]}}],"collection":[{"href":"http:\/\/www.torte-spela.si\/index.php\/wp-json\/wp\/v2\/pages"}],"about":[{"href":"http:\/\/www.torte-spela.si\/index.php\/wp-json\/wp\/v2\/types\/page"}],"author":[{"embeddable":true,"href":"http:\/\/www.torte-spela.si\/index.php\/wp-json\/wp\/v2\/users\/1"}],"replies":[{"embeddable":true,"href":"http:\/\/www.torte-spela.si\/index.php\/wp-json\/wp\/v2\/comments?post=4560"}],"version-history":[{"count":1,"href":"http:\/\/www.torte-spela.si\/index.php\/wp-json\/wp\/v2\/pages\/4560\/revisions"}],"predecessor-version":[{"id":4561,"href":"http:\/\/www.torte-spela.si\/index.php\/wp-json\/wp\/v2\/pages\/4560\/revisions\/4561"}],"wp:attachment":[{"href":"http:\/\/www.torte-spela.si\/index.php\/wp-json\/wp\/v2\/media?parent=4560"}],"curies":[{"name":"wp","href":"https:\/\/api.w.org\/{rel}","templated":true}]}}